st common factor of w and k.
21
Let i be (30/25)/((-11)/(-1320)). Calculate the highest common factor of 336 and i.
48
Suppose -4*d = -0*d - 5*x - 318, 3*d - 3*x = 237. What is the highest common factor of d and 2079?
77
Let h = 5 + -7. Let w be (-2 + -1)/(3/h). Suppose 105 = w*f + f. What is the greatest common factor of 14 and f?
7
Let d(p) = -18*p + 462. Let q be d(23). Calculate the greatest common divisor of q and 96.
48
Let g(u) = u**3 + 2*u**2 - 1. Let q be g(-1). Suppose q = 2*v - 0*v - 36. Let h be (-2)/(3 - 5)*v. What is the highest common factor of 12 and h?
6
Suppose -1615 = -9*x + 4*x - 3*a, 4*x = 2*a + 1270. What is the greatest common divisor of 40 and x?
40
Let v be (-5 - -4) + -3 + 8. Suppose -v*s + 3 = -13. Suppose l - 10 = -4. What is the greatest common divisor of l and s?
2
Let p(j) be the second derivative of 25*j**3/6 + j**2 + 8*j. Let w be p(1). Calculate the greatest common divisor of 243 and w.
27
Let f be 15/(-9) + 93*(-16)/(-72). Calculate the highest common factor of 76 and f.
19
Suppose -5*r = -4*j + 89, -r - 22 = -j - 1. Calculate the highest common divisor of 48 and j.
16
Let h be 8 + -12 - (3 + -1). Let s(o) = -4*o - 2. Let a be s(h). Calculate the greatest common divisor of a and 22.
22
Let b = -31 - -40. Let o = -111 + 364. Suppose 0*c - o = -3*c - 5*i, -399 = -5*c + 3*i. Calculate the greatest common factor of c and b.
9
Suppose -11*y = -21 - 12. Suppose -y*h = -35 - 19. Calculate the greatest common factor of 18 and h.
18
Let u(m) = -m - 3. Let i be u(-14). Suppose -774 = -i*r + 106. Let j(d) = 5*d**3 - 3*d**2 + 2*d. Let f be j(2). What is the greatest common factor of f and r?
16
Let q = 223 + -133. Suppose -51*s = -56*s + q. What is the greatest common factor of s and 144?
18
Let r(q) = -q**3 + 2*q**2 + 6*q - 2. Let z be r(-3). Let o = 58 - z. What is the greatest common divisor of 55 and o?
11
Suppose 4*l = -0*l + 132. Let v = -171 + 165. Let h be (-266)/(-28) - v/4. What is the greatest common divisor of h and l?
11
Let i = -541 - -553. Calculate the highest common divisor of i and 156.
12
Suppose 5*t - 16 = -1. Suppose -t*h + 187 = -323. What is the highest common divisor of 68 and h?
34
Suppose n + 44 = z, -2*n - 3*n = -z + 60. What is the highest common factor of 72 and z?
8
Suppose -3 = 2*u - 1, 5*u = -4*o + 123. Let z(n) = n - 1. Let h be z(3). Let d be -1*(-3 + h) - -47. What is the highest common divisor of d and o?
16
Let u(s) = 0*s**2 - s**2 - 7 + 61. Let t be u(0). Let d be (-13)/((-3)/t*2). What is the greatest common divisor of 13 and d?
13
Let l = 275 - 247. Let b(x) = x + 7. Let z be b(0). Calculate the greatest common factor of l and z.
7
Suppose -11*z + 4 = -9*z. Suppose -5*x + z*x = -48. Let v be -120*(-2 + 20/x). Calculate the greatest common divisor of 10 and v.
10
Suppose 136 - 6 = 10*h. Calculate the greatest common divisor of h and 312.
13
Let q be (-4568)/(-104) + 2/26. Calculate the greatest common factor of q and 352.
44
Suppose -5*h = 2*u - 10, 26 = 2*h - 3*u + 3. Let m(p) = -118*p - 222. Let f be m(-2). Calculate the highest common divisor of f and h.
2
Suppose -4*l - 2*p - 354 = 0, 6*p = -5*l + 7*p - 425. Let c = -80 - l. Calculate the highest common factor of 24 and c.
6
Let s(i) = 2*i**2 - 6*i + 13. Let j be s(0). Let x = 16 + -23. Let n = j + x. Calculate the greatest common factor of 48 and n.
6
Let n(m) = -17*m + 128. Let g be n(7). Calculate the highest common factor of 45 and g.
9
Let m be ((-1 - 12) + 2)*-1. Suppose 1 = -7*c + 8. Let y be -2 - (-4)/1 - -53*c. Calculate the highest common factor of m and y.
11
Let a(n) = -n**3 + 19*n**2 - 16*n + 15. Let l be a(18). Let i be (3/(-6))/(3/66). Let q = i - -28. What is the greatest common factor of q and l?
17
Let u(l) = l**2 - 7*l - 2. Let w = -5 - -24. Let d = w + -10. Let k be u(d). What is the highest common factor of 24 and k?
8
Suppose 2*h + 49 = 3*h. Let m = 30 - 1. Suppose 0 = 5*f - 6 - m. Calculate the greatest common factor of f and h.
7
Suppose -5*z + 724 - 204 = 0. Calculate the highest common divisor of z and 40.
8
Suppose 3*t = -8 + 32. Let r be -5*t/(-20) - -138. What is the highest common factor of r and 35?
35
Let l(z) = -z**2 - 7*z. Let o(k) = -3*k**2 - 21*k. Let a(s) = 8*l(s) - 3*o(s). Let x be a(-8). What is the highest common factor of x and 16?
8
Let o(r) = r**2 + 5*r + 4. Let q be o(-5). Let t = -33 - -38. Suppose 4*j - h = h + 30, 0 = 5*h - t. Calculate the highest common divisor of j and q.
4
Let i(u) = 3*u**2 + 46*u - 23. Let h be i(-16). Let f = -54 - -81. Calculate the highest common divisor of f and h.
9
Let k be 195/(-2)*(-12)/15. Suppose -k = -0*s - 3*s. What is the highest common factor of s and 78?
26
Let a(j) = -j**2 + 11*j - 12. Let u be a(9). Let k be (-8)/u*-3 - -150. Calculate the highest common factor of 14 and k.
14
Suppose j - 172 = -2*h, -h = 3*h - 2*j - 336. Let k be 1 + (0 - -1) + -23. Let l = 55 + k. What is the highest common divisor of l and h?
17
Let y(w) = w**3 + w**2 - 2. Let i be y(2). What is the highest common factor of 25 and i?
5
Let p be (-6)/(-9) - 3/((-18)/284). What is the highest common divisor of p and 108?
12
Let w = 1748 + -1588. What is the greatest common divisor of 110 and w?
10
Let t be 4/6*((-646)/(-19) + -19). Calculate the greatest common divisor of t and 8.
2
Let w = -3 + 9. Suppose b + b = w. Calculate the greatest common divisor of b and 2.
1
Let q(b) be the second derivative of -b**3/6 - 4*b**2 + b. Let t be q(-12). Let o be 17 + (1 - 4) + 2. Calculate the greatest common divisor of o and t.
4
Suppose 4*m + 2*h = -82, -h + 119 = -5*m + 2*h. Let a(j) = -19*j - 58. Let k be a(m). What is the greatest common factor of k and 36?
36
Let x(p) be the first derivative of -7*p + 0 + 3*p**2 + 2*p + 7 - 13*p**2. Let g be x(-7). What is the greatest common factor of 15 and g?
15
Let d(c) = -6*c + 16. Let o = 81 + -89. Let b be d(o). Calculate the greatest common factor of b and 96.
32
Let c = -304 + 357. What is the highest common divisor of c and 689?
53
Suppose 140 = 4*j - f, j - 27 = -2*f + 17. What is the highest common divisor of j and 459?
9
Let i = 30 - 18. Suppose 8*t = 5*t + i. Suppose 0 = s - 2*s + 3, -t*s = o - 42. What is the highest common factor of o and 12?
6
Suppose -32 = -4*f + 5*i, -5*i + 16 = f + f. Let q = -62 + 54. Let z be ((-10)/q)/((2 + -1)/32). What is the highest common divisor of f and z?
8
Let u be 2/(-9) - (-1624)/18. What is the greatest common divisor of u and 18?
18
Let y be -1 + -3 + 7 + 85. Suppose f - 13*f + 96 = 0. Calculate the highest common divisor of f and y.
8
Suppose -20 = -12*v + 7*v. Calculate the greatest common divisor of v and 26.
2
Let g be (-9)/21 + 24/7. Suppose -k = g*k - 24. Suppose 0 = -2*x - 3*u - 5 + 44, -58 = -3*x - 4*u. What is the highest common divisor of x and k?
6
Suppose -2*s - s = -24. Let n(x) = x**2 - 8*x + 8. Let q be n(s). Suppose -2*m - q = -3*y + y, y + m - 6 = 0. What is the highest common factor of y and 25?
5
Let u(w) = w**2 - 9 + 0*w**2 + 21 - 5*w + w**2. Let c be u(5). Calculate the greatest common factor of 185 and c.
37
Let y be 10/8 - (-57)/76. Let v be 5*201/6 - (-1)/y. What is the highest common factor of 42 and v?
42
Let x be (-57)/(-15) - (-8)/(-10). Suppose -22 = -x*d + d. What is the highest common factor of 11 and d?
11
Let m be 4 + (-9)/(27/222). Let l = m + 126. Calculate the highest common divisor of l and 7.
7
Suppose 4*i + i = -15. Let f be 18 - (-3 - i)/(-1). Calculate the highest common divisor of f and 45.
9
Let w be -4 - 16*(15/3)/1. Let g = -75 - w. Calculate the greatest common factor of 117 and g.
9
Let g = -791 - -2104. Calculate the highest common divisor of 13 and g.
13
Let u be 86/3 - 2/(-6). Suppose 0*p + p = u. Let v = -46 + 104. Calculate the highest common divisor of p and v.
29
Suppose -1510*j + 1505*j + 365 = 0. Calculate the highest common divisor of 73 and j.
73
Let u(m) = -4*m**3 - m**2 - 4*m + 3. Let b be u(-3). Calculate the highest common divisor of b and 12.
6
Let a(q) = -24*q - 231. Let r be a(-10). What is the greatest common factor of 693 and r?
9
Suppose -5*r = -v + 124, -5*v - 3*r = -441 - 39. Let q = v - -18. What is the highest common divisor of 78 and q?
39
Suppose 2*j - 2*b + 0*b - 48 = 0, -j + 5*b = 0. Let f be 69*1 - 1*-1. What is the 